5*v + 45. Suppose -2*o = -0*o - g. What is the remainder when o is divided by 21?
19
Let i(q) = -2*q**2 + 25*q - 30. Calculate the remainder when i(8) is divided by (-1)/(-4) + (-174)/(-8).
20
Let u(o) = o**3 - 6*o**2 + 8*o - 4. Let q be u(5). Let n = 20 - q. What is the remainder when n is divided by 5?
4
Suppose 0 = -2*b, 115 = -5*s + 2*b - b. Let u = s + 40. Calculate the remainder when u is divided by 10.
7
Suppose 2*n - 25 = -3*v + 3, 14 = -v + 4*n. What is the remainder when ((-1)/(-3))/(1/33) is divided by v?
5
Let j(d) = -2*d - 10. Let q be (-1)/(-1)*(-126)/18. What is the remainder when j(q) is divided by 3?
1
Let g(u) = 3*u - 13. What is the remainder when 15 is divided by g(7)?
7
What is the remainder when 1520/64 - (-6)/(-8) is divided by 15?
8
Suppose 2*k = 2 + 10. Let w(n) = 3*n - n**3 - k*n - 13*n**2 + 7*n**2. Calculate the remainder when w(-6) is divided by 10.
8
Suppose 0 = -4*l + 214 - 14. What is the remainder when l is divided by 17?
16
Suppose 60 = 5*x - 5*m, -4*x - 3*m + 24 + 17 = 0. What is the remainder when 27 is divided by x?
5
Let y = 126 - 119. What is the remainder when 17 is divided by y?
3
Suppose -5*x + 934 = 5*m + 364, -3*x + 3 = 0. Let n = -76 + m. Calculate the remainder when n is divided by 20.
17
Let x = -39 - -72. What is the remainder when x is divided by 19?
14
Let s(l) = -l**2 + 7*l + 7. Let w(y) = -y + 3. Let h be w(-4). What is the remainder when 0 + 2 + 13 - 2 is divided by s(h)?
6
Suppose -2 - 223 = -5*o. Calculate the remainder when o is divided by 16.
13
Let j(g) = -g**2 + 3*g + 2. Let r be j(2). Suppose -r*y + 88 = -v, 3*y = -4*v + v + 81. What is the remainder when y is divided by 6?
5
What is the remainder when 141 is divided by (-507)/(-13) - 6/2?
33
Suppose 0 = -3*k - 15, 3*d = 4*d - k - 28. Let y(j) = j**3 + 7*j**2 - 9*j + 4. Calculate the remainder when d is divided by y(-8).
11
Let j = 16 + -10. Let g = j + -3. Suppose 0 = -w - 3*h - g - 2, -7 = 2*w + 5*h. Calculate the remainder when 11 is divided by w.
3
Let f be 2/(-7) + (-2)/(-7). Suppose 2*a + 0*a - j - 36 = f, 2*j - 47 = -3*a. What is the remainder when a is divided by 6?
5
Let n = -47 + 85. Suppose 0 = -2*l - 3*l + 325. Suppose -8*o = -3*o - l. Calculate the remainder when n is divided by o.
12
Let a be (0 - 3) + 74 + -3. Let l = 102 - a. Suppose 8*g - 3*g = 60. Calculate the remainder when l is divided by g.
10
Let v(c) = 13*c - 2. What is the remainder when 19 is divided by v(1)?
8
Suppose c - 3*u = -c + 255, -12 = 4*u. Calculate the remainder when c is divided by 18.
15
Let g be 7 + -7 + 1*26. Suppose -g - 10 = -6*a. What is the remainder when 15 is divided by a?
3
Let c(l) = 20*l**2 - l. Let w be c(-1). Suppose 5*v = -57 + 17. Let o = w - v. What is the remainder when o is divided by 8?
5
Calculate the remainder when 28 is divided by (11 - (3 - 1)) + 1.
8
Suppose 2*c + 2*g - 124 = -c, 3*g = c - 56. What is the remainder when c is divided by 15?
14
Suppose 9*t - 5*c - 85 = 4*t, 2*t - 19 = -c. Calculate the remainder when t is divided by 3.
0
Suppose -4*c + 6 = -3*d, c - 13 = -5*d - 0. What is the remainder when 21*1*2/6 is divided by c?
1
Let a(v) = -v + 15. Let w be a(12). Suppose -8*g + w*g = -50. What is the remainder when 82/3 - (-4)/6 is divided by g?
8
Suppose o + 2 = -5. Let p(g) = -16*g. Let u be p(1). Let k = o - u. What is the remainder when 16 is divided by k?
7
Let d be -3 - 1/(3/(-504)). Suppose x + 0*x = -5*q + 67, 3*q + d = 3*x. Let b = 20 - 5. What is the remainder when x is divided by b?
12
Let r(t) = -t + 24. Calculate the remainder when 27 is divided by r(10).
13
What is the remainder when -47*4/(1 + -5) is divided by 10?
7
Suppose -4*z + 304 = -0*z. Suppose -3 = -h - 2*o + 1, -5*o = 4*h - 13. Suppose x - 5*w = -11 + z, h*w + 10 = 0. What is the remainder when x is divided by 14?
12
Let x = -5 + 8. Suppose 4*r + 25 + 6 = 3*n, -11 = -x*n - r. Suppose 7*z + 6 = 69. Calculate the remainder when z is divided by n.
4
Suppose -5*y + 3*s = -19 - 50, 0 = s - 2. Suppose x - y = -2*x. Suppose 39 = 28*n - 25*n. What is the remainder when n is divided by x?
3
Suppose 5*n + 15 = d + 62, 2*d = -5*n + 56. What is the remainder when 29 is divided by n?
9
Suppose -2*k - 20 = -48. What is the remainder when k is divided by 8?
6
Let r(a) = a**2 + 10*a + 4. Let p be r(-8). What is the remainder when (p/(-18))/((-4)/(-102)) is divided by 6?
5
Suppose 0 = s - 2*c + 6*c + 11, -2*s = -3*c - 33. Let d = 4 - 0. Suppose -4*x - d = -68. Calculate the remainder when x is divided by s.
7
Suppose 0 + 2 = q. Suppose -3*n - 1 = -q*o - 5, 0 = -o - 2*n + 5. Let k(t) = 7*t - 1. What is the remainder when 11 is divided by k(o)?
5
Suppose 4*f = -2*v + 282, -2*v + v = -f - 132. What is the remainder when v is divided by 8?
7
Suppose 5*w = -4*g + 42, -40 = -4*g - 3*w - w. What is the remainder when 39 is divided by g?
7
Let j = 108 - 54. Let q = -21 + 40. Calculate the remainder when j is divided by q.
16
Suppose -m + 15 = 5*s - 8, s = -5*m + 43. Calculate the remainder when 13 is divided by m.
5
Suppose 195 = -6*m + 15. What is the remainder when (-219)/(-15) + (-12)/m is divided by 8?
7
Calculate the remainder when 9 is divided by (-2 - -2)/(-4) + 5.
4
Let l = -13 - -22. Let k = l + 31. Let h = -8 + 29. What is the remainder when k is divided by h?
19
Suppose 2*s = -2*s + 28. Let h = 14 - s. What is the remainder when 20 is divided by h?
6
Let a(u) = -u**2 + 6*u + 44. What is the remainder when a(0) is divided by 25?
19
Let s(f) = f + 11. Let k be s(-8). Suppose 2*w + l + 4 = -2*l, 4*l = k*w - 11. Suppose a - w - 39 = 0. Calculate the remainder when a is divided by 14.
12
Let m(r) = r**2 + 1. Let l(y) be the second derivative of y**5/20 + y**4/4 - 2*y**3/3 - 3*y**2/2 + 2*y. Calculate the remainder when m(5) is divided by l(-2).
8
Let s = -18 - -32. What is the remainder when (4 - -5)/(1/3) is divided by s?
13
Suppose 0 = 4*i - 4*y - 36, -i + 6*i - 3*y - 39 = 0. Suppose c + 95 = i*c. Calculate the remainder when c is divided by 7.
5
Let h = 3 + 19. Let w = -13 + h. Let f(m) = m**2 - 3*m + 7. What is the remainder when f(5) is divided by w?
8
Let l = -98 + 200. What is the remainder when l is divided by 26?
24
Calculate the remainder when -2 - -2 - -1*73 is divided by ((-30)/3)/(2/5*-1).
23
Let t(w) = 5*w**2 + 5*w + 12. Let p(j) = -9*j**2 - 10*j - 23. Let r(v) = -4*p(v) - 7*t(v). What is the remainder when 25 is divided by r(-6)?
11
Let a = -162 + 174. What is the remainder when 55 is divided by a?
7
Let j = 50 + -41. Suppose m + 45 = 4*m. What is the remainder when m is divided by j?
6
Let w(y) = -y**2 - 6*y + 5. Let f be w(-7). Let m = f + 2. Suppose m*c - 8 = -c. What is the remainder when 15 is divided by c?
7
Let t(j) = -j - 4. Let i be t(-6). Calculate the remainder when 69 is divided by 2 - 0 - (-24)/i.
13
Suppose 6*a - 26 = 46. Suppose 0 = 3*h + 3*y + y - 25, a = 2*h - 2*y. Calculate the remainder when 12 is divided by h.
5
What is the remainder when 44 is divided by (-21)/5*80/(-32)*2?
2
Suppose 5 = 3*a - q, -3*q - q + 6 = a. Suppose 5*u - 4*s - 39 = 0, 0*s - 63 = -5*u - a*s. What is the remainder when 41 is divided by u?
8
Suppose 6*x - 5*x - 15 = 0. What is the remainder when 25 is divided by x?
10
Suppose 0 = 3*q - 4*q. Let d be (24/(-10))/((-4)/20). Let i = d - q. What is the remainder when 35 is divided by i?
11
Let h(k) = -19*k**3 - k**2 - k. Let w(s) = s**3 - 3*s**2 + 2*s - 1. Let i be w(2). What is the remainder when h(i) is divided by 5?
4
Suppose -17*r - 68 = -19*r. Calculate the remainder when r is divided by 9.
7
Suppose -3*k = k - 284. Calculate the remainder when k is divided by 18.
17
Suppose 0 = 2*a + 2*a - 3*p - 96, -19 = -a + 2*p. Suppose 3*o - a = 33. What is the remainder when 59 is divided by o?
19
Suppose -4*f + 0*f + 68 = 0. Let d = -5 + f. Let p = d - 2. Calculate the remainder when p is divided by 4.
2
Let b(y) = -y**3 - 8*y**2 + 10*y + 13. Let o be b(-9). Suppose -2*x - o = -3*x. Calculate the remainder when 6 is divided by x.
2
Suppose 19*j - 22*j = -12. Let t = j - -7. Calculate the remainder when t is divided by 3.
2
Let k be ((-1)/(-4))/(2/8). Suppose 0 = 5*r - 21 + k. Suppose s - 50 = -r*s. Calculate the remainder when 28 is divided by s.
8
Let m(i) = 3*i**2 - 40*i - 19. What is the remainder when m(14) is